{"id":1185,"date":"2020-05-29T13:59:15","date_gmt":"2020-05-29T18:59:15","guid":{"rendered":"https:\/\/www.intrajanus.com.mx\/?page_id=1185"},"modified":"2020-06-05T21:14:15","modified_gmt":"2020-06-06T02:14:15","slug":"bodegas-portatiles-metalicas","status":"publish","type":"page","link":"https:\/\/www.intrajanus.com.mx\/index.php\/bodegas-portatiles-metalicas\/","title":{"rendered":"Bodegas port\u00e1tiles met\u00e1licas"},"content":{"rendered":"<p>[et_pb_section fb_built=\u00bb1&#8243; fullwidth=\u00bbon\u00bb _builder_version=\u00bb3.11&#8243;][et_pb_fullwidth_image src=\u00bbhttps:\/\/www.intrajanus.com.mx\/wp-content\/uploads\/BPMS-scaled.jpg\u00bb _builder_version=\u00bb3.11&#8243;][\/et_pb_fullwidth_image][\/et_pb_section][et_pb_section fb_built=\u00bb1&#8243; _builder_version=\u00bb3.11&#8243; custom_margin=\u00bb-15px|||\u00bb][et_pb_row custom_padding=\u00bb28px|0px|0|0px|false|false\u00bb _builder_version=\u00bb3.11&#8243;][et_pb_column type=\u00bb4_4&#8243; _builder_version=\u00bb3.11&#8243; parallax=\u00bboff\u00bb parallax_method=\u00bbon\u00bb][et_pb_text ul_position=\u00bbinside\u00bb ul_item_indent=\u00bb24px\u00bb _builder_version=\u00bb3.11&#8243; text_font=\u00bb|600|||||||\u00bb text_text_color=\u00bb#0d3c7c\u00bb text_line_height=\u00bb1.2em\u00bb ul_font=\u00bb||||||||\u00bb ul_text_align=\u00bbleft\u00bb header_font=\u00bbAlegreya Sans SC|700|on||||||\u00bb header_text_color=\u00bb#0d3c7c\u00bb header_font_size=\u00bb31px\u00bb header_line_height=\u00bb1.2em\u00bb]<\/p>\n<h1>MODELOS BODEGAS PORT\u00c1TILES MET\u00c1LICAS<\/h1>\n<p>Fabricados en acero galvanizado con acabado de pintura poliester siliconizada de nueva generaci\u00f3n, la cual brinda resistencia y durabilidad.<\/p>\n<p>Cuentan con un piso industrial antiderrapante con capacidad de carga de 350 Kg por M2.<\/p>\n<p>Min\u00edmo acondicionamiento del terreno:<\/p>\n<ul>\n<li>Nivelado<\/li>\n<li>Compactado<\/li>\n<li>Carpeta asfaltica de 5 cm<\/li>\n<\/ul>\n<p>[\/et_pb_text][et_pb_button button_url=\u00bbhttps:\/\/www.intrajanus.com.mx\/index.php\/contactanos\/\u00bb button_text=\u00bbCOTIZAR\u00bb button_alignment=\u00bbright\u00bb _builder_version=\u00bb3.11&#8243; custom_margin=\u00bb|||\u00bb global_module=\u00bb2007&#8243; saved_tabs=\u00bball\u00bb][\/et_pb_button][et_pb_button button_url=\u00bbhttps:\/\/www.intrajanus.com.mx\/wp-content\/uploads\/BPM-2020.pdf\u00bb button_text=\u00bbCATALOGO\u00bb button_alignment=\u00bbleft\u00bb _builder_version=\u00bb3.11&#8243; custom_margin=\u00bb-68px||6px|\u00bb global_module=\u00bb2006&#8243; saved_tabs=\u00bball\u00bb][\/et_pb_button][\/et_pb_column][\/et_pb_row][\/et_pb_section][et_pb_section fb_built=\u00bb1&#8243; _builder_version=\u00bb3.11&#8243; use_background_color_gradient=\u00bbon\u00bb background_color_gradient_end=\u00bbrgba(16,0,25,0.79)\u00bb background_color_gradient_overlays_image=\u00bbon\u00bb][et_pb_row use_custom_width=\u00bbon\u00bb width_unit=\u00bboff\u00bb make_equal=\u00bbon\u00bb _builder_version=\u00bb3.11&#8243; module_alignment=\u00bbcenter\u00bb][et_pb_column type=\u00bb4_4&#8243; _builder_version=\u00bb3.11&#8243; parallax=\u00bboff\u00bb parallax_method=\u00bbon\u00bb][et_pb_sidebar _builder_version=\u00bb3.11&#8243;][\/et_pb_sidebar][et_pb_button button_url=\u00bbhttps:\/\/www.intrajanus.com.mx\/wp-content\/uploads\/LISTA-ADITAMENTOS-21-MAYO-2020-isn-precio.png\u00bb button_text=\u00bbADITAMENTOS\u00bb button_alignment=\u00bbcenter\u00bb _builder_version=\u00bb3.11&#8243; custom_button=\u00bbon\u00bb button_text_size=\u00bb24px\u00bb button_border_radius=\u00bb13px\u00bb button_letter_spacing=\u00bb3px\u00bb button_font=\u00bb|||on|on||||\u00bb button_icon=\u00bb%%72%%\u00bb background_layout=\u00bbdark\u00bb custom_margin=\u00bb-40px|||\u00bb animation_style=\u00bbroll\u00bb animation_delay=\u00bb650ms\u00bb][\/et_pb_button][et_pb_gallery gallery_ids=\u00bb1857,1858,1859,1860&#8243; show_title_and_caption=\u00bboff\u00bb show_pagination=\u00bboff\u00bb zoom_icon_color=\u00bb#ffffff\u00bb hover_overlay_color=\u00bbrgba(255,255,255,0.49)\u00bb hover_icon=\u00bb%%204%%\u00bb _builder_version=\u00bb3.11&#8243; title_font=\u00bb||||||||\u00bb title_text_align=\u00bbcenter\u00bb title_text_color=\u00bbrgba(0,0,0,0)\u00bb caption_font=\u00bb||||||||\u00bb caption_text_color=\u00bbrgba(0,0,0,0)\u00bb pagination_font=\u00bb||||||||\u00bb pagination_text_color=\u00bbrgba(0,0,0,0)\u00bb border_radii=\u00bbon|22px|22px|22px|22px\u00bb border_width_all=\u00bb2px\u00bb border_color_all=\u00bb#ffffff\u00bb border_radii_image=\u00bbon|13px|13px|13px|13px\u00bb border_width_all_image=\u00bb3px\u00bb border_color_all_image=\u00bb#0d3c7c\u00bb box_shadow_style_image=\u00bbpreset2&#8243; text_orientation=\u00bbleft\u00bb custom_margin=\u00bb38px|||\u00bb child_mix_blend_mode=\u00bblighten\u00bb animation_style=\u00bbzoom\u00bb animation_direction=\u00bbtop\u00bb animation_delay=\u00bb400ms\u00bb][\/et_pb_gallery][\/et_pb_column][\/et_pb_row][\/et_pb_section][et_pb_section fb_built=\u00bb1&#8243; _builder_version=\u00bb3.11&#8243; use_background_color_gradient=\u00bbon\u00bb background_color_gradient_end=\u00bbrgba(16,0,25,0.79)\u00bb background_color_gradient_overlays_image=\u00bbon\u00bb][et_pb_row _builder_version=\u00bb3.11&#8243;][et_pb_column type=\u00bb4_4&#8243; _builder_version=\u00bb3.11&#8243; parallax=\u00bboff\u00bb parallax_method=\u00bbon\u00bb][et_pb_image src=\u00bbhttps:\/\/www.intrajanus.com.mx\/wp-content\/uploads\/EJEMPLOS_APLICACIONES.png\u00bb _builder_version=\u00bb3.11&#8243;][\/et_pb_image][et_pb_text _builder_version=\u00bb3.11&#8243; text_font=\u00bb||||||||\u00bb header_font=\u00bbAlegreya Sans SC|||on|on||||\u00bb header_text_align=\u00bbjustify\u00bb header_text_color=\u00bb#ffffff\u00bb header_font_size=\u00bb51px\u00bb header_letter_spacing=\u00bb3px\u00bb custom_margin=\u00bb-160px||65px||false\u00bb]<\/p>\n<h1 style=\"text-align: left; padding-left: 480px;\"><strong>EJEMPLOS DE APLICACIONES<\/strong><\/h1>\n<p>[\/et_pb_text][\/et_pb_column][\/et_pb_row][\/et_pb_section][et_pb_section fb_built=\u00bb1&#8243; _builder_version=\u00bb3.11&#8243; background_color=\u00bbrgba(170,170,170,0.96)\u00bb custom_margin=\u00bb0px|||\u00bb custom_padding=\u00bb4px|0px|0|0px|false|false\u00bb global_module=\u00bb1826&#8243;][et_pb_row custom_padding=\u00bb44px|0px|0|0px|false|false\u00bb _builder_version=\u00bb3.11&#8243; module_alignment=\u00bbcenter\u00bb][et_pb_column type=\u00bb3_4&#8243; _builder_version=\u00bb3.11&#8243; parallax=\u00bboff\u00bb parallax_method=\u00bbon\u00bb][et_pb_image src=\u00bbhttps:\/\/www.intrajanus.com.mx\/wp-content\/uploads\/logo.png\u00bb align=\u00bbright\u00bb _builder_version=\u00bb3.11&#8243; max_width=\u00bb51%\u00bb custom_margin=\u00bb-17px|||5px\u00bb custom_padding=\u00bb0px|||0px\u00bb animation_style=\u00bbslide\u00bb][\/et_pb_image][\/et_pb_column][et_pb_column type=\u00bb1_4&#8243; _builder_version=\u00bb3.11&#8243; parallax=\u00bboff\u00bb parallax_method=\u00bbon\u00bb][et_pb_cta title=\u00bbCONTACTANOS\u00bb button_text=\u00bbver mas\u00bb _builder_version=\u00bb3.11&#8243; header_font=\u00bbRoboto|900||on|||||\u00bb header_text_align=\u00bbright\u00bb header_text_color=\u00bb#0c71c3&#8243; body_font=\u00bb||||||||\u00bb body_text_color=\u00bb#0c71c3&#8243; use_background_color=\u00bboff\u00bb custom_button=\u00bbon\u00bb button_font=\u00bb||||||||\u00bb button_alignment=\u00bbcenter\u00bb text_orientation=\u00bbleft\u00bb]<\/p>\n<p style=\"text-align: right;\"><a href=\"mailto:ventas@intrajanus.com.mx\">ventas@intrajanus.com.mx<\/a><\/p>\n<p style=\"text-align: right;\">Tel. +52 1 442 595 1133<\/p>\n<p style=\"text-align: right;\">+52 1 442 139 0100<\/p>\n<p>[\/et_pb_cta][et_pb_social_media_follow _builder_version=\u00bb3.11&#8243; text_orientation=\u00bbright\u00bb custom_margin=\u00bb-25px|||\u00bb][et_pb_social_media_follow_network social_network=\u00bbfacebook\u00bb url=\u00bbhttps:\/\/facebook.com\/intrajanus\/\u00bb _builder_version=\u00bb3.11&#8243; background_color=\u00bb#3b5998&#8243; follow_button=\u00bboff\u00bb url_new_window=\u00bbon\u00bb]facebook[\/et_pb_social_media_follow_network][et_pb_social_media_follow_network social_network=\u00bbyoutube\u00bb _builder_version=\u00bb3.11&#8243; background_color=\u00bb#a82400&#8243; follow_button=\u00bboff\u00bb url_new_window=\u00bbon\u00bb]youtube[\/et_pb_social_media_follow_network][et_pb_social_media_follow_network social_network=\u00bblinkedin\u00bb _builder_version=\u00bb3.11&#8243; background_color=\u00bb#007bb6&#8243; follow_button=\u00bboff\u00bb url_new_window=\u00bbon\u00bb]linkedin[\/et_pb_social_media_follow_network][\/et_pb_social_media_follow][\/et_pb_column][\/et_pb_row][\/et_pb_section]<\/p>\n","protected":false},"excerpt":{"rendered":"<p>MODELOS BODEGAS PORT\u00c1TILES MET\u00c1LICAS Fabricados en acero galvanizado con acabado de pintura poliester siliconizada de nueva generaci\u00f3n, la cual brinda resistencia y durabilidad. Cuentan con un piso industrial antiderrapante con capacidad de carga de 350 Kg por M2. Min\u00edmo acondicionamiento del terreno: Nivelado Compactado Carpeta asfaltica de 5 cm EJEMPLOS DE APLICACIONESventas@intrajanus.com.mx Tel. +52 1 [&hellip;]<\/p>\n","protected":false},"author":1,"featured_media":0,"parent":0,"menu_order":0,"comment_status":"closed","ping_status":"closed","template":"","meta":{"_et_pb_use_builder":"on","_et_pb_old_content":"","_et_gb_content_width":"","footnotes":"","_joinchat":[]},"_links":{"self":[{"href":"https:\/\/www.intrajanus.com.mx\/index.php\/wp-json\/wp\/v2\/pages\/1185"}],"collection":[{"href":"https:\/\/www.intrajanus.com.mx\/index.php\/wp-json\/wp\/v2\/pages"}],"about":[{"href":"https:\/\/www.intrajanus.com.mx\/index.php\/wp-json\/wp\/v2\/types\/page"}],"author":[{"embeddable":true,"href":"https:\/\/www.intrajanus.com.mx\/index.php\/wp-json\/wp\/v2\/users\/1"}],"replies":[{"embeddable":true,"href":"https:\/\/www.intrajanus.com.mx\/index.php\/wp-json\/wp\/v2\/comments?post=1185"}],"version-history":[{"count":19,"href":"https:\/\/www.intrajanus.com.mx\/index.php\/wp-json\/wp\/v2\/pages\/1185\/revisions"}],"predecessor-version":[{"id":2009,"href":"https:\/\/www.intrajanus.com.mx\/index.php\/wp-json\/wp\/v2\/pages\/1185\/revisions\/2009"}],"wp:attachment":[{"href":"https:\/\/www.intrajanus.com.mx\/index.php\/wp-json\/wp\/v2\/media?parent=1185"}],"curies":[{"name":"wp","href":"https:\/\/api.w.org\/{rel}","templated":true}]}}